 - y**3 - 6*y. What is o(13)?
2
Let q(u) be the third derivative of -u**6/120 - u**5/6 - 11*u**4/12 - 5*u**3/6 - 3*u**2 - 163*u. Give q(-6).
-17
Let s be 3/1 + 5 - (-3 - 16). Let v(x) = -2*x**2 + 49*x + 135. Give v(s).
0
Let r(g) be the third derivative of -g**6/120 + 7*g**5/20 + g**4/6 - 43*g**3/3 - 861*g**2 + 2. Determine r(21).
-2
Let p(i) = i**3 - 6*i**2 + 2*i + 12. Suppose -f + 17 = 3*y, 0 = -80*y + 83*y - 12. What is p(f)?
-3
Let j be 1/(1/(-2))*3/(-3). Suppose -5*t = -2*b + 11 + 17, 28 = 5*b - 2*t. Let u(k) = -k**3 + 11*k**j + 22*k - 9*k - 12*k - b*k**2 - 1. Determine u(7).
6
Let f(x) = -3*x**2 - 288*x + 2. Let d be f(-96). Let l(p) = -32*p + 9. Calculate l(d).
-55
Let b(y) = -31*y**3 - 11*y**2 + 14*y + 12. Let k(v) = 5*v**3 - 3*v + 1. Let a(z) = b(z) + 6*k(z). Determine a(-10).
-42
Let w(r) = -3*r**2 - 5*r + 9. Let p = 12358 + -12362. Give w(p).
-19
Suppose -30*j + 29*j - 21 = -2*i, 0 = 5*i + j - 84. Let n(u) = 2*u**3 - 28*u**2 - 31*u + 13. What is n(i)?
-2
Let w(y) = 2*y - 40 - 7*y + 18*y**2 + 2*y**3 - y**3 - 4*y**2. Calculate w(-14).
30
Let m(o) = 11*o - 643 - 652 + 1302. Let f(y) = 12*y + 7. Let u(w) = 5*f(w) - 6*m(w). What is u(-5)?
23
Let k(j) = 4*j - 7. Let a(z) = 2*z**2 + 17*z - 62. Let g be a(3). Suppose -g*i - 34 = 8. Give k(i).
-31
Let t(p) = -p**2 - 4*p + 178 - 938 + 765. Suppose -5*u + 4*k = -11, -6*k + k = 4*u - 17. Let r = u - 7. Give t(r).
5
Let d(c) = -2*c**3 + 4*c**2 - 3*c + 4. Suppose 3*t + 8 = 4*k + 3, -4*k - 4*t + 40 = 0. Suppose 5*j + 15 - 55 = k*f, -2*j - 3*f = 9. Give d(j).
-23
Let l be (-6)/(-9) - 140/21. Let k(y) = -y. Let n(f) = -2*f**2 + 9*f - 10. Let j(g) = l*k(g) + n(g). Let b be j(7). Let o(r) = -2*r - 4. Determine o(b).
2
Let f(v) = -55*v - 3100. Let w be f(-57). Let o(q) = q**3 - 33*q**2 - 71*q + 19. Determine o(w).
-16
Suppose 0 = 2*o - 27 - 43. Let f = o + -32. Let v(a) = 149 - 72 - 6*a**2 - a**f - 73 + 8*a. Calculate v(-7).
-3
Let n(u) = u**3 + 12*u**2 + 13*u + 13. Suppose -41*d + 33*d - 88 = 0. Determine n(d).
-9
Let a be -1 - (-6)/4*(-34)/(-17). Let p(j) = 0*j**2 + j + j**a + 9 + j - 11*j. Determine p(6).
-9
Suppose -2*y = 0, 62*f - 57*f = y - 15. Let p(g) = g**3 + 2*g**2 + g - 2. Let q(z) = z**3 + 2*z**2 + 2*z - 2. Let n(i) = 5*p(i) - 4*q(i). Give n(f).
-2
Let p(d) = -4*d**3 - 2*d + 13. Let f(o) = -4*o**3 - o + 10. Let m(w) = -5*f(w) + 4*p(w). What is m(1)?
3
Let p(l) be the third derivative of -l**4/6 - 5*l**3/3 + 3959*l**2. Suppose 5*d = -10, -5*q + 2 = 3*d - 27. What is p(q)?
-38
Let d(i) be the third derivative of -i**4/12 + 3*i**3 - 393*i**2 + 4*i. Determine d(10).
-2
Let x(n) = -n**3 + 44*n**2 + 6 - 94*n**2 + 44*n**2 - 62*n + 39*n**2. Determine x(31).
6
Suppose -28*b - 110 + 118 = 204. Let h(c) = c**2 + 7*c + 11. Give h(b).
11
Let w(y) = y**3 - 2*y**2 + 2*y + 3 - 2 - 4*y - 3. Let k be (-72)/(-22) + ((-1140)/418)/10. What is w(k)?
1
Let w = -26861 - -26852. Let b(q) = 4*q + q + 21 - 2*q. Give b(w).
-6
Let d(w) = w**3 + 49*w**2 + 44*w - 197. Suppose 2*g + 5*c + 126 = 0, 1730*g + 4*c + 120 = 1728*g. Determine d(g).
-5
Let d(w) be the third derivative of w**5/60 + w**4/24 + w**3/6 - 2*w**2 - 474*w. Suppose 5*n + 2 = 4*n. Determine d(n).
3
Let k(q) = 227*q**2 + 220*q**2 + 6 - 938*q**2 + 280*q**2 + q**3 + 217*q**2 - 7*q. Let u be (7 + -1 + 1)*-1. Calculate k(u).
6
Let j(a) be the first derivative of -a**5/20 + a**4/12 - a**2/2 - 56*a - 10. Let l(d) be the first derivative of j(d). Determine l(1).
-1
Let j(q) be the second derivative of 0*q**3 + 1/12*q**4 - 28 + q - 2*q**2. Suppose s + 8 = -n + 5*n, -4*s = -3*n + 6. Give j(s).
-4
Let h(l) = -l. Suppose -9*a + 287 = -10. Let q be (-3 + a/15)*30/(-4). Suppose 1 + 5 = q*j. Give h(j).
-1
Let l(a) = -4*a + 31. Let o be l(2). Suppose 216 = 41*q - o*q. Let u(p) = -p**2 + 11*p - 5. Give u(q).
-17
Let i(r) = 4*r**2 - 41 - 37*r + 23*r + 68 + 0*r**2 - 91*r. What is i(26)?
1
Let n(k) = -k**2 - k + 1. Let b = -38 + 54. Suppose -2*d + i = -9, b = -0*d + 5*d + 4*i. Suppose 15 = 5*f - 0*f - 3*p, 20 = -d*p. Give n(f).
1
Suppose -8*y + 4*y = w + 16, -3*y - 3*w = 21. Let c(o) = 3*o - 2. Let i(h) = -5*h + 1. Let v(l) = y*c(l) - 2*i(l). Give v(-4).
0
Let z(o) = o**3 + o**2. Let s(n) = -3*n**3 - 11*n**2 + 5*n + 6. Let x(i) = -s(i) - 4*z(i). Let m be 4 + 0 + (-8)/(-2). Let t be (-38)/(-6) + m/(-24). Give x(t).
0
Let t(o) = o**3 + 5*o**2 + o - 1. Let d(y) = y**3 + 6*y**2 + 11*y + 9. Let p(z) = -d(z) + 2*t(z). Give p(-5).
9
Let d = 4272 + -4287. Let f(h) = -h**3 - 15*h**2 - 3*h - 25. What is f(d)?
20
Suppose 58*j + 18 = 61*j. Let q be j/10 - 84/(-60). Let c(m) = 2*m**3 + 0*m**2 + 0*m**2 - m**2 + 1 - m. Calculate c(q).
11
Let l(i) = -3*i**2 + 5*i**2 - 14*i**2 + 3*i**2 + 4 - i**2 - 2*i. Give l(-4).
-148
Let s = 2 - 2. Let w(i) be the first derivative of -i**4/24 + 3*i**3/2 - i**2/2 + 27*i - 86. Let r(o) be the second derivative of w(o). What is r(s)?
9
Suppose 5*u + 32 = 107. Let t = u + -12. Let z(y) = y**2 - 367*y**3 + 4 + 741*y**3 + y**2 - 375*y**3. Determine z(t).
-5
Let j = 5758 - 5749. Let p(l) = -8 - 3 - 7 - 1 + 2*l. Calculate p(j).
-1
Let i be 1 + -1 + -2 + -1. Suppose -54010 = -44*g - 11*g. Let k(a) = 491 + a**2 + 2*a + 488 - g. Calculate k(i).
0
Let c(s) = 304 - 100 - 105 - 57*s**2 - 103. Let t(o) = 57*o**2 + 3. Let n(p) = -3*c(p) - 4*t(p). Give n(1).
-57
Let k(m) = 17*m + 84. Let z(b) = 6*b + 1. Let c(t) = k(t) - 4*z(t). Determine c(11).
3
Let n(y) = -y**2 - 4*y + 99. Let g be n(11). Let f = g + 62. Let r(v) = -v**2 - v + 2. What is r(f)?
-10
Let o(x) be the second derivative of x**5/20 + 4*x**4/3 - 37*x**3/6 - 5*x**2 + 270*x - 3. Give o(-18).
8
Let k(p) = p**2 - 4*p - 5. Let b(u) be the third derivative of -5/6*u**3 + 7*u**2 - 1/6*u**4 + 0 + 0*u + 1/30*u**5. Let j(a) = -2*b(a) + 3*k(a). Give j(-5).
-10
Let w(h) = 5*h**2 - 2*h - 2. Let c = 825 + -875. Suppose -144 = 3*k + 3*o, 5*o - o = -3*k - 144. Let s = c - k. What is w(s)?
22
Let m(k) = -5*k**2 + 5*k + 16. Let c(f) = 2*f**2 - 2*f - 7. Suppose y = -3*y + 36. Let q(d) = y*c(d) + 4*m(d). What is q(4)?
-23
Let k be 25/5 - (0 + 1). Suppose 2*r - 6*z + 152 = -5*z, k*r + 304 = 3*z. Let t = r + 81. Let j(m) = -m**2 + m + 5. Calculate j(t).
-15
Let c(k) = 2*k**3 - 109*k**2 - 60*k + 269. Let l be c(55). Let a(d) = d**2 + 9*d + 1. Determine a(l).
-17
Let a(b) = b**3 + 9*b**2 + 4*b + 6. Let m(o) = 6*o + 3*o - 9*o - o**2. Let d(t) = a(t) + 4*m(t). Give d(-4).
6
Let d(v) = -v**3 - 3*v**2 + 15*v - 8. Suppose -2794 = 30*m - 2614. What is d(m)?
10
Let v(b) = b**3 - 2*b + 3. Suppose -3*p - 72 = -7*p. Let i(g) = g**2 - 18*g - 34. Let u be i(p). Let r = u + 31. Determine v(r).
-18
Let d be 7 - ((-24)/(-9) - (-154)/(-33)). Let n(f) = -f**3 + 9*f**2 + 5. Give n(d).
5
Suppose -1 = -r + 2. Suppose 4*a = 2*b - 4, -5*a + r*a - 2 = b. Let d(x) = 18*x - 4*x + 64 - 63 - 15*x. Calculate d(b).
1
Let l(b) be the third derivative of -b**5/60 + b**4/4 - b**3/6 + 34*b**2. Suppose -w - w + 3*d - 1 = 0, -5*w + 5 = -5*d. Give l(w).
7
Let b(w) = w**3 + 12*w**2 - 65*w - 5. Suppose -265 + 203 = 18*p + 226. What is b(p)?
11
Let y(v) = -v. Let g(f) = f**3 + 9*f**2 - 11*f - 44. Let k be g(-10). Let r = 67 + -107. Let b = r - k. Determine y(b).
6
Let n(s) = s + 4. Let w(u) = 17*u + 25. Let c(f) = 10*n(f) - w(f). Calculate c(4).
-13
Let b(a) = -a**2 - 15*a - 2. Suppose -19*h + 9*h + 4430 = 0. Let y = h - 459. Calculate b(y).
-18
Let s(b) be the second derivative of -b**5/20 + 2*b**4/3 - b**3/6 + 9*b**2 - b + 1969. Determine s(8).
10
Let c(y) = y + 2. Let z be (0 - 3)*(-275)/(-15). Let r = 66 + z. Suppose 6*s + 13 + r = 0. Give c(s).
-2
Let x(h) = 2*h + 1. Let s(m) = -10*m - 6. Let k(r) = 4*s(r) + 24*x(r). Suppose -13 = -5*a + 22. Suppose -a + 0 = -7*w. What is k(w)?
8
Let x(v) = 9*v**2 - 3*v - 7. Let d(u) = -11*u**2 + 2*u + 8. Let c(a) = -5*d(a) - 6*x(a). Let i be 6/2 + -4 + -6. Determine c(i).
-5
Let x(o) = 1709*o - 1709*o + 11 + o**2 + o**3. Calculate x(0).
11
Let k(b) = -2*b - 20. Let z(j) = -22*j**2 + 855*j + 107. Let m be z(39). What is k(m)?
0
Let v(j) = -2 - 7*j + 4*j**2 - 9*j + 14*j + 0*j**3 - j**3. Let y(d) = d**3 + 6*d**2 - 6. Let p be y(-6). Let i be (2/p)/((-5)/60). What is v(i)?
-10
Suppose 11*v - 17*v = -24. Suppose -v = 5*g - 14. Let u(h) = h**g - 21*h + 43*h - 19*h. Determine u(-2).
-2
Suppose m + 20 = 5*m + 2*p, -5*m - 3*p + 24 = 0. L